rime factors of s(h).
5
Let b(t) = t - 3. Let l be b(-5). Let d be (-1 - l)*(1 + 2). Suppose -5*o + 2*o + 5*c + d = 0, -o + 17 = -5*c. List the prime factors of o.
2
Let v = -2 + 4. Suppose -7*a = -v*a. Suppose 0*w - 5*w + 75 = a. What are the prime factors of w?
3, 5
Let a(i) = i**2 - 9*i + 3. Let f be a(7). Let t = f + 15. Suppose -40 = -t*l - 0. List the prime factors of l.
2, 5
Suppose 13 = 2*f + 1. Let x be (f/4)/((-12)/(-80)). Let v = 14 - x. List the prime factors of v.
2
Let m = 535 + -319. List the prime factors of m.
2, 3
Suppose -5*n + 4*b - 104 = 0, -2*b - 4 = 4. What are the prime factors of (-18)/n - (-18)/8?
3
Let c(y) = -y**2 + 15*y + 1. List the prime factors of c(8).
3, 19
Let g = 11 + -1. List the prime factors of g.
2, 5
Let m = 12 - -40. What are the prime factors of m?
2, 13
List the prime factors of 96 - ((-8)/28 - 4/(-14)).
2, 3
Let z(n) = 0*n + n - n + 3*n**2 - n**3 + 3. Let q be z(3). List the prime factors of (-1*q)/((-15)/35).
7
Suppose -8*l + 379 = -1061. List the prime factors of l.
2, 3, 5
Suppose -2*b - 2*b + 8 = 0. Let s be b/7 - 192/(-14). Let a = 24 - s. List the prime factors of a.
2, 5
Suppose -6*l + 365 = -l - 5*k, 0 = 2*l + 5*k - 167. List the prime factors of l.
2, 19
Suppose p - r - 117 = 307, -p - 2*r + 409 = 0. What are the prime factors of p?
419
Let q = 31 + 9. List the prime factors of q.
2, 5
Suppose -130 = -11*a + 6*a. List the prime factors of a.
2, 13
Suppose -l + 4 = 3*l. What are the prime factors of (l/(-2))/((-6)/48)?
2
List the prime factors of -2*(-75)/(6/2).
2, 5
Suppose 5*p = -5*h + 105, -5*p + 4 = h - 17. What are the prime factors of h?
3, 7
Suppose 0 = 4*d + 3*o - 118, -4*o - 90 = -4*d + 14. List the prime factors of d.
2, 7
Suppose 0*z - 5 = -z. Let p(x) = 5*x - 4. Let l(b) = -3*b + 2. Let n(i) = -7*l(i) - 4*p(i). List the prime factors of n(z).
7
Let j(i) be the third derivative of -i**4/24 - 5*i**2. What are the prime factors of j(-2)?
2
Let d = -88 - -162. What are the prime factors of d?
2, 37
Suppose 30 = 2*o - 5*y, -4*o + 0*o - 5*y = 0. Suppose b - 20 = 2*n, 2*b - 4*n = -o*n + 45. List the prime factors of b.
2, 11
Suppose -5*g + 63 = -4*t, -5*t - 3*g = 66 - 15. Let n = -7 - t. Suppose i = -r, r - 1 = -2*i - n. What are the prime factors of r?
2
List the prime factors of 404/2 + (8 - 2 - 9).
199
Let g be (-9 - 1 - 0) + -2. Let c(m) = -4*m - 27. What are the prime factors of c(g)?
3, 7
Let w(b) = 35*b**2 - 2*b + 1. What are the prime factors of w(2)?
137
Let h(m) = 2*m**2 - 2*m - 2. Let u be h(-1). Suppose 102 = 2*n + u*b, -n - 4*b + 57 = -0. What are the prime factors of n?
7
Suppose -3*p - p + 58 = 2*g, 5*p + 3*g = 73. Suppose -d = -6 - p. List the prime factors of d.
2, 5
Suppose -2*h + 5*p + 4 = -h, 0 = 2*p + 2. Let f(x) = 24*x**2 - 2*x - 1. What are the prime factors of f(h)?
5
Suppose -2*i + a + 9 = 0, 0 = 4*i + 7*a - 2*a - 53. Suppose 2*o = i + 5. List the prime factors of o.
2, 3
Let z(g) be the second derivative of g**4 + g**3/6 + 4*g. What are the prime factors of z(1)?
13
Let q = 4 + -2. Let b be 0*q/(-3 + 1). Suppose b = 2*m + 4 - 18. What are the prime factors of m?
7
Let v(g) = -g**3 - 4*g**2 + 5*g + 12. What are the prime factors of v(-6)?
2, 3
Suppose -2*i - 3*o + 8*o - 11 = 0, -i = -o + 4. Let c = i + 5. What are the prime factors of c?
2
Suppose 0*i = 4*n - 4*i - 196, 3*n - 4*i - 142 = 0. List the prime factors of n.
2, 3
Let a(u) = -u**3 + 14*u**2 - 4*u + 6. What are the prime factors of a(6)?
2, 3, 5
Suppose 5*z + 35 = 4*g, -4*z + 0*g - 28 = -4*g. Let h(o) = o**2 + 5*o + 8. List the prime factors of h(z).
2, 11
Let c be 0/(4 - 8/4). Suppose -3*f - 2*f = -30. Suppose -b - b + f = c. What are the prime factors of b?
3
Let z(g) = g**3 - 3*g**2 - 3*g - 4. Let d be z(4). Suppose -j - 50 = -4*j - u, d = 4*j + 3*u - 75. What are the prime factors of j?
3, 5
Let f = 1 - -26. List the prime factors of f.
3
Let t(b) = 4*b - 7. Let l(s) be the third derivative of -s**4/8 + 4*s**3/3 - 2*s**2. Let y(u) = 5*l(u) + 4*t(u). List the prime factors of y(0).
2, 3
Suppose -4*x = -x - 24. Suppose -x = m - 28. List the prime factors of m.
2, 5
Let y be 5/((-5)/128) - -2. What are the prime factors of 3/5 + y/(-15)?
3
Suppose 3*o + 3 - 25 = q, 3*o - 32 = -4*q. Let s = 43 - 24. Let d = s - o. What are the prime factors of d?
11
Let w be 2/(-6)*-3 - -2. Suppose -w*q - 2*p = -25, -3*q - 4*p + 15 = -4*q. Let d(v) = v + 7. What are the prime factors of d(q)?
2, 3
What are the prime factors of (-2)/(-4)*3 - 2360/(-16)?
149
Suppose -2*c + 1 + 7 = 0. Suppose 3*d + 14 = -2*u, -2*u - 4*d - 10 = c. List the prime factors of 7*u/((-147)/18).
2, 3
Let i(u) = 2*u**3 - 2*u**2 - 2*u + 1. Let h be i(2). List the prime factors of (8/5)/(1/h).
2
List the prime factors of 220 + (-6 - -8)/(-4 + 2).
3, 73
Suppose g - 90 = 43. What are the prime factors of g?
7, 19
Let h(w) = 6*w**2 - 2*w - 2. List the prime factors of h(2).
2, 3
Suppose c - 22 = 72. Let u = c + -55. What are the prime factors of u?
3, 13
Let n be 22 - 1*6/(-3). Suppose 5*v - 51 = 29. Let x = n - v. List the prime factors of x.
2
Let q(h) = -h + 4. Let c be q(0). Let b(w) = c - 2 - 3*w - 3. What are the prime factors of b(-2)?
5
Suppose 4*l + 0*l = 40. Suppose -34 = 4*p - l. Let b(u) = -2*u - 1. List the prime factors of b(p).
11
Suppose 1 = j - 15. What are the prime factors of j?
2
Suppose -66 = 6*y - 1752. List the prime factors of y.
281
Suppose 56 = 3*x - x. Suppose -3*f = 5*m - 37 - 17, 0 = -2*m + 2*f + x. List the prime factors of m.
2, 3
Let w = -2 - -8. Let u(x) = x**3 - 5*x**2 - 4*x - 7. List the prime factors of u(w).
5
Let j be -1 - (-3 - (-4 - -1)). Let c be (-5)/(-1*(-1)/j). Suppose 0*g + 20 = -b + c*g, -3*g = 5*b - 40. List the prime factors of b.
5
Let b = -22 + 13. Let w = 22 - b. What are the prime factors of w?
31
Let o be (-56)/(-10) - 4/(-10). Let j(m) = m**2 - 4*m - 7. List the prime factors of j(o).
5
Let p(l) be the third derivative of 13*l**5/15 - l**4/12 - l**3/3 - 4*l**2. What are the prime factors of p(-1)?
2, 13
Suppose -3*k = -5*f - 439, 2*k - 6*k = f - 616. What are the prime factors of k?
3, 17
Let f(x) = 12*x**3 - x**2 - x + 1. Let l be f(1). Let q = l - 2. What are the prime factors of q?
3
Let y(s) = s**2 + 8*s + 9. Let w be y(-7). Let c be (1 - (-10)/w) + 1. Let f = c + -1. List the prime factors of f.
2, 3
Let o be 4/(-4)*(1 + -1). Suppose o = -3*p + 6*p. Suppose h + 5*z - 7 = 0, -3*z - 5 = -p*h - 4*h. List the prime factors of h.
2
Suppose -13 + 5 = 3*m - 5*a, -3*a = -4*m + 4. Suppose 5*d + m*c = 97, -3*d - 5*c = -d - 32. What are the prime factors of d?
3, 7
Suppose 3*x - 3*v = 579, -2*x + v + 278 + 107 = 0. List the prime factors of x.
2, 3
Suppose -3*k + 4*a + 14 = 0, -5*a + 0 = 3*k + 4. Suppose -6 = 2*y - 5*y. Suppose k*m = -2*j + 16, -4*m - y*j + 4*j = -32. List the prime factors of m.
2
Suppose -2*j + 16 + 58 = 0. List the prime factors of j.
37
Let f(q) = -5*q + 1. Let h be f(2). Let l = 11 - h. What are the prime factors of l?
2, 5
Let i(a) = a**2 - 8*a - 1. What are the prime factors of i(10)?
19
Let w = -57 - -92. Let q = w - 12. List the prime factors of q.
23
Suppose -24 = -3*l + 4*v + v, -l - 3*v = 6. Let u(t) = -t - 2. Let k be u(0). What are the prime factors of k - 1/(l/(-24))?
2, 3
Let u = 6 + -8. Suppose 64 = 5*z - 3*p, -p + 0*p = 2*z - 19. What are the prime factors of (1 - u) + z + -2?
2, 3
What are the prime factors of -3 - -3*(2 - -1)?
2, 3
Suppose 2*m + 70 = 2*x, 0 = -5*x - m + 79 + 72. Suppose -4*h = -17 - x. What are the prime factors of h?
2, 3
Suppose 5*l = -2*b + l - 38, 0 = 4*b + 5*l + 88. Let t = b - -49. What are the prime factors of t?
2, 11
Suppose -96 = v - 4*v. Suppose 2*a - v = -3*m + 7*m, -4*a = 5*m - 25. List the prime factors of a.
2, 5
Let s be ((-4)/1 - -7)*2. Suppose 5*r = 25, s*u + 2*r = u + 245. What are the prime factors of u?
47
Let c(o) = o**2 - 4*o + 1. Let r be c(4). List the prime factors of (0 - 1)*(-3)/r.
3
Let d(r) = -r + 2. Let h be d(-3). Suppose -v = h*n - 39, 3*n = -0*n + 2*v + 26. What are the prime factors of n?
2
Suppose 2*h - 5*h = -15. Let c(m) = -11*m**2 - 21. Let w(s) = 7*s**2 + 14. Let y(d) = h*c(d) + 8*w(d). List the prime factors of y(0).
7
Let m(a) = -a**3 - 5*a**2 + 6*a + 7. Let t be (3 - 3)/(1*-2). Suppose t*i = 3*i + 18. Wha